digit of f?
6
Let s(i) = -348*i - 12. What is the units digit of s(-2)?
4
Suppose -753 = -n + 3*k, 0 = -4*n + k - 3*k + 3012. What is the units digit of n?
3
Suppose -12*b = -14*b + 4. Suppose b*u + 2*d = 158, 2*d + 281 = 4*u - d. What is the units digit of u?
4
Suppose -18*f + 30 = -21*f. Let x(l) = -l**3 - 8*l**2 + 20*l - 4. Let h be x(f). Let b(d) = d**3 + 8*d**2 - 2*d - 2. What is the tens digit of b(h)?
7
Let g be (42/(-15))/((-10)/25). Let j = g - -28. What is the tens digit of j?
3
Suppose 0 = -4*a + 20, 4*c + 0*a + 3 = -a. What is the units digit of 31*c*1/(-2)?
1
What is the hundreds digit of ((-622)/7)/((-38)/266)?
6
Suppose 0 = -3*r + 9*r - 4404. What is the units digit of r?
4
Let o(z) = -z**2 - 2*z + 4. Let n be o(-3). Let c(u) = 41*u**3 + u**2 - 2. What is the units digit of c(n)?
0
Let j = 30 + 17. Suppose -3*p + 73 = -c - c, 5*c - j = -p. Suppose y = 4*y - p. What is the units digit of y?
9
Suppose s = 4, 4*g - g - 11 = 4*s. Suppose -4*i - q + 249 = 0, -4*i - 315 = -g*i - 2*q. What is the tens digit of i?
6
Suppose -5*k = 5*i - 9955, -4*k + 2*i = -0*i - 7982. What is the tens digit of k?
9
Let h(v) = -1223*v - 199. What is the tens digit of h(-3)?
7
Suppose -8*c + 99 + 3389 = 0. What is the hundreds digit of c?
4
Suppose 3*r + 5*k = 1155, 4*r - 8*k + 12*k = 1540. What is the units digit of r?
5
Let u(j) = -j**3 - j**2 - j + 20. Let d be u(0). Let s = -20 + d. Suppose -b - 2*o + 31 = 0, b = -s*b - 5*o + 22. What is the units digit of b?
7
Let g(q) = -4*q - q**2 + 3*q + 6*q + 0 + 14. Let d be g(6). Suppose 3*k - d*k + 155 = 0. What is the units digit of k?
1
Suppose -5*i - 2*f = -f - 33, 4*i = -5*f + 39. Let l be 32/6 + 4/i. What is the tens digit of ((-4)/l)/(2/(-159))?
5
Suppose -64 = 3*w - 241. What is the units digit of (1 + (-82)/(-10))/(w/590)?
2
Let i(m) = m**3 - 21*m**2 - 24*m - 1. What is the units digit of i(26)?
5
Let g(a) = 5747*a - 5. Let f be g(-1). What is the units digit of f/(-56) - (-4)/14?
3
Let z(f) = 17*f**2 - 3*f + 2. Let m be (-6)/(-8) + (-75)/(-12). Let n(g) = 18*g**2 - 4*g + 2. Let x(t) = m*z(t) - 6*n(t). What is the tens digit of x(-2)?
4
Let z = 80 - 16. Suppose 184 = 3*y + z. What is the units digit of y?
0
Let t(b) = -12 + 26*b - 24*b + 2. Let x be t(5). Let w = 9 + x. What is the units digit of w?
9
Suppose -2*v + 4*y + 2322 = 0, -5783 = -5*v - 13*y + 12*y. What is the tens digit of v?
5
What is the units digit of (4048/40)/(-11)*-20?
4
What is the hundreds digit of 54/(-4)*(6*-16)/4?
3
Let d(t) = -t**3 + 12*t**2 + 15*t - 10. Let r be d(13). Let c(i) = -i**2 - 7*i - 3. Let m be c(-6). Let u = r + m. What is the tens digit of u?
1
Let v be (-3)/9 - (-7)/3. Let q(o) = 3*o**3 + o**2 + 2. Let y be q(v). Suppose b + 2*s - y = -6, -28 = -3*b + 5*s. What is the tens digit of b?
1
Suppose m - 4*b + 2*b = 4, 1 = -b. Suppose 3*a - m*a = 47. What is the tens digit of a?
4
Let j be 0 + 0 + (-3)/1. Let z(p) = p + 3. Let r be z(j). Let x = 1 + r. What is the units digit of x?
1
Suppose -539 = 3*d - 14*d. What is the tens digit of d?
4
Let x = -201 + 89. Let o = 165 - x. What is the tens digit of o?
7
Let k be 3 - (-4 + 1 + 4). Suppose k*c + 3*m + 0*m - 57 = 0, 5*c - 205 = 5*m. What is the tens digit of c?
3
Let i = -14 - -10. What is the tens digit of 238/4*(i + (-42)/(-7))?
1
Suppose 0 = -0*k - 4*k + 4*u - 172, 3*k + u = -121. Let i = k - -219. What is the tens digit of i?
7
Let i(f) = f**3 - 28*f**2 + 37*f - 110. What is the tens digit of i(27)?
6
Let g = 37 + 152. What is the hundreds digit of g?
1
Suppose 15*q = 13834 + 941. What is the tens digit of q?
8
Let j be (-6)/2 - 44/4. Let u = 18 + j. What is the units digit of u?
4
Let j(k) be the first derivative of -13*k**2 - 9*k - 17. What is the tens digit of j(-4)?
9
Suppose v - 4*x = 7, 8 = 3*v + 9*x - 8*x. What is the hundreds digit of ((-38)/(-20)*2 - v)*140?
1
Let c = 99 - 102. What is the tens digit of (c/(-6) + 1)*74?
1
Let y = -453 - -499. What is the tens digit of y?
4
Let v = -86 - -90. Suppose q + 4 = 0, -d + v*q = -q - 41. What is the units digit of d?
1
Let c(o) = -o**3 + 10*o**2 + 8*o - 13. Let s be c(11). Let n = 83 + s. Suppose 0 = k - h - 21, -k + 2*h = -3*h - n. What is the tens digit of k?
1
Let a = 477 + -370. What is the tens digit of a?
0
Suppose -55 = -6*d + 65. Suppose -19*p = -d*p. Suppose -9*m + 286 + 191 = p. What is the tens digit of m?
5
Let m = -117 + 179. Let t = 122 - m. What is the units digit of t?
0
Let r(x) = -23*x**3 - 2*x**2 - 14*x - 40. What is the tens digit of r(-3)?
0
Suppose 0 = o + 3*r - 30 + 3, -2*o - 3*r + 48 = 0. Let v = o + 8. What is the units digit of v?
9
Let n = 4 - 2. Suppose -n*y + 322 = 2*i, 4*y - i = 125 + 504. What is the units digit of y?
8
Let z(y) = y**3 - 13*y**2 - 14*y + 5. Let m be z(14). Suppose -m*r + 2*r = -6, 5*l - 2*r = 116. What is the tens digit of l?
2
Suppose 3*s + 15 = 8*s. Suppose 9 = -5*t + 4*t - 3*i, 0 = i + s. Suppose -y + 4 - 1 = t. What is the units digit of y?
3
Let o(u) = -u**2 - 10*u + 6. Let f be o(-10). Suppose f*a + 4 = 22. Suppose -a*p = -125 - 25. What is the units digit of p?
0
Let n(l) = 0*l**2 + 3*l**2 + 13 - 13*l - 5 + 11. What is the hundreds digit of n(8)?
1
Suppose 26*r = k + 24*r - 3156, 0 = -2*r - 8. What is the thousands digit of k?
3
Let v be (-96)/(-18) + (-4)/(-6). Suppose -272 = 2*t - v*t. What is the tens digit of t?
6
Let x(f) = -7*f**3 + 4*f**2 + 5*f - 6. What is the tens digit of x(-4)?
8
Let n(x) = 6*x**2 + x - 12. Let g be n(-4). Suppose -3*f - o = -61, 3*f + f + o = g. What is the units digit of f?
9
What is the thousands digit of -2 - (-1371 + -6 + 18/3)?
1
Suppose -4*o - 371 = -o - l, -5*l - 341 = 3*o. Let y = o + 214. What is the units digit of y?
2
What is the thousands digit of 3 + (-8)/(-8) - -1116?
1
Let w(f) = -f + 11. Let v be w(3). Suppose 12*j - 748 = v*j. What is the hundreds digit of j?
1
Suppose -4*i = -2*g + 74, -5*i + 10*i = 4*g - 139. Let m = 143 - 167. Let b = m + g. What is the units digit of b?
7
Let i = -29 - -296. What is the units digit of i?
7
Suppose v + z = 3, -2*v - 5*z = 2*v - 9. Suppose 0*f = -2*f + v. Let k = f - -17. What is the units digit of k?
0
Let w = 22 + -24. Let m(i) = 8*i**2 + 2. Let h(j) = 23*j**2 - j + 5. Let k(n) = 3*h(n) - 8*m(n). What is the units digit of k(w)?
5
Let l be 4/6*(-3 - 0). Let m be (0 + l + -1)*1. Let d(h) = 4*h**2 + 3*h - 2. What is the units digit of d(m)?
5
Let o = 4047 - 141. What is the tens digit of o?
0
Let r(v) = -v**3 + 18*v**2 - 12*v - 26. Let t be r(14). Suppose i - 2*m - t = -i, 0 = i - 3*m - 297. What is the hundreds digit of i?
2
Suppose 3*c - 4*t = -20 - 8, -2*c = -4*t + 24. Let j(s) = -30*s + 7. What is the units digit of j(c)?
7
Let b(l) = 4*l**2 - 26*l - 667. What is the thousands digit of b(-35)?
5
Suppose -10 + 26 = 4*h. Suppose 2*x - 126 = 5*k - h*k, -4*x = 4*k - 264. What is the tens digit of x?
6
Suppose 10*f = 25*f - 4755. What is the hundreds digit of f?
3
Let b(o) = -7*o**2 - 6*o + 3. Let z be b(5). Let s = -134 - z. What is the tens digit of s?
6
Let j(s) = 2*s + 11. Let w be j(-4). Suppose -w*a + 3*q = -6*a + 174, -a + 3*q = -50. What is the tens digit of a?
5
Suppose 0*w - l + 512 = w, 4*l = 5*w - 2551. What is the hundreds digit of w?
5
Let b(p) = -7*p - 24. Suppose x - c + 10 = c, -c = 0. What is the tens digit of b(x)?
4
Let v(k) = k**3 + 3*k**2 - 4. Let z be v(3). What is the units digit of z + (-8)/(3 - 5)?
4
Let w(p) = 22*p + 12. Let k be w(15). What is the units digit of (k/24)/(2/8)?
7
Let d(c) = c**3 + c**2. Let h be d(0). Suppose 4 + h = p. Suppose p*r - 91 = -3*i, -4*i + i + 3*r = -63. What is the units digit of i?
5
Let q be (-4)/(-6)*9 - 1. Suppose -4*n + 3*o = 6004, q*o + 16 = -4. What is the tens digit of (-6)/(-27) + n/(-36)?
4
Let f be (-4)/14 + (-6)/(-21). Suppose d - 5*z + z - 14 = 0, 2*d + 2*z - 38 = f. Suppose 37 = 4*a + 3*t, -4*t = -4*a + d - 2. What is the units digit of a?
7
Let q(m) = -m + 85. Let k be (-1 - -1)/(-3 + 2). Let n be q(k). Suppose y = 4*t - 75, 4*t + 0*y = -y + n. What is the units digit of t?
0
Let d(g) = 557*g**3 + 2*g**2 + 11*g - 22. What is the tens digit of d(2)?
6
Let y(a) = -a**2 - 9*a - 10. Let w be y(-7). Suppose 3*r - 524 = -w*p, -2*p = p + r - 398. What is the tens digit of p?
3
Let c be ((-1)/2)/((-4)/152). Let i =